4 = -4*n + 8*n. Let y = -10 - -11. Suppose 2*u - y - 7 = 0. What is the remainder when n is divided by u?
2
What is the remainder when (-2*2*362/12)/((-126)/2646) is divided by 54?
50
Suppose o + 11 = -5*p + 28, -3*o + 21 = 5*p. Suppose 281 = 5*n + o*y, -3*y - 107 = 5*n - 391. What is the remainder when n is divided by 14?
13
Let b = -135 - -300. Calculate the remainder when b is divided by (-21 - 3)/(-2 + 2 + -2).
9
Suppose 0*s = -2*s + 16. Let h(q) = 14*q - 59. Let p be h(-17). Let d = 312 + p. Calculate the remainder when d is divided by s.
7
Let v(l) = -54*l + 2702. What is the remainder when v(0) is divided by 26?
24
Suppose -2*b + 32 = p + 2*b, 4*p - 68 = 4*b. Let k = p + 69. What is the remainder when k is divided by (-1)/1*-2 - -21?
20
Let s be 4*(-4)/(-6)*(-558)/24. What is the remainder when 0 - -19 - (-186)/s is divided by 2?
0
Let s = 17600 - 16854. Calculate the remainder when 1500 is divided by s.
8
Let p(n) be the second derivative of n**4/12 + 3*n**3/2 + n**2/2 + 2*n - 4. What is the remainder when 68 is divided by p(-11)?
22
Let d = -11 + 43. Let v(b) = -8*b + 4 + 10*b - 3 - 10. What is the remainder when d is divided by v(9)?
5
Let s(g) = 22*g**2 - 3. Let v = -61128 + 61139. What is the remainder when s(4) is divided by v?
8
Let f be 0 + (-3)/1 + 1613. Suppose 0 = -4*v + f - 462. Suppose -9*c + v + 163 = 0. Calculate the remainder when c is divided by 13.
11
Suppose 11*i = 50*i - 739 - 1757. What is the remainder when 866 is divided by i?
34
Suppose -8 + 588 = 10*h. Suppose -2*c = -4*j + 24 + 66, 0 = -2*c - 4*j - h. Calculate the remainder when (-1 - c)*2/4 is divided by 11.
7
Suppose 1534 = 3*a + 5*f, 9*f = 12*f + 12. What is the remainder when a is divided by 173?
172
Let c = 11 + -1. Calculate the remainder when ((17955/(-70))/(-57))/((-3)/(-16)) is divided by c.
4
Let h be (-7)/14 - (-12)/8. What is the remainder when 57 is divided by (-292)/(-18) - ((-66)/(-54) - h)?
9
Suppose -10*y + 1698 = 808. What is the remainder when 322 is divided by y?
55
Let a = 28007 + -27996. What is the remainder when 1087 is divided by a?
9
Let l(r) = -43*r + 10. Let z be l(-8). Let x be 6/15 + z/(-10) + 2. Let s = x + 53. Calculate the remainder when 57 is divided by s.
17
Suppose 0 = -12246*i + 12259*i - 17017. What is the remainder when i is divided by 264?
253
Let d(o) = -o**3 + 19*o**2 + 67*o - 17. Let m be (-123)/(-6) - 18/(-12). Calculate the remainder when (-2 + -5)/(2/(-4)) is divided by d(m).
4
Suppose 5*j - 30 = 4*d, 4*d = -4*j - 0*d + 60. Let h be ((-4)/j)/(1/(-5)). Suppose -5*g + h*g + 132 = 0. What is the remainder when g is divided by 9?
8
Let r(s) = 15*s**2 - 3*s - 2. Let q be 3/15 + ((-1356)/(-20) - 0). Calculate the remainder when r(-2) is divided by 2/(((-8)/q)/(-1)).
13
Let x(i) = 8*i**2 - 3. Let l(a) = -27*a - 42. Let g be l(7). What is the remainder when x(-3) is divided by ((-6)/7)/(-16 - 3685/g)?
15
Let j(r) = -r**3 - 32*r**2 - 122*r - 4. What is the remainder when 2661 is divided by j(-4)?
33
Suppose -b - 2*q + 264 = 0, 0 = 2*b + 5*q - 310 - 223. Let j = 332 - b. Let h(m) = 10*m. What is the remainder when j is divided by h(4)?
38
Suppose -156 = -30*a + 26*a. Suppose -2*d + 59 = -v, 25 = d - 3*v - 7. Let h = a + d. What is the remainder when h is divided by 23?
22
Suppose 10*o - 23*o + 39 = 0. Suppose -o*y + 4*r = -103, r = -4*y + 77 + 35. What is the remainder when 68 is divided by y?
10
Suppose 3*q + 25 = 127. Let c = 304 + -198. Suppose -8*j = -906 + c. What is the remainder when j is divided by q?
32
Let j(x) = 6*x - 26. Let l be j(4). Let s be (1 + (-7)/l)*4/6. Calculate the remainder when 14/s*3*(-2)/(-4) is divided by 4.
3
What is the remainder when (-23700)/(-24)*(13 - 11) is divided by 154?
127
Suppose 0 = -i + 70 - 22. Let p be ((-4)/3)/(4/(-6)). Suppose p*w + 32 - 52 = 0. What is the remainder when i is divided by w?
8
Suppose 5*k = 60, 2*l - 2 + 3 = -10*k + 211. What is the remainder when l is divided by 30 - (-4)/(2/1)?
13
Suppose -2*g - 4*s + 17 = -53, 2*g - 5*s - 115 = 0. Let d(t) = 27*t - 2. Calculate the remainder when d(25) is divided by g.
43
Suppose -331 + 71 = -5*n. Let y = n - 58. Let r = y + 9. Calculate the remainder when 10 is divided by r.
1
Let p(h) = 62*h - 529. Calculate the remainder when 4742 is divided by p(11).
152
Let r(z) = 23*z**2 + 130*z + 42. What is the remainder when r(-10) is divided by 37?
6
Let k(y) = y**3 + 162*y**2 - 12207*y + 397. What is the remainder when k(-218) is divided by 23/4 + (-2)/(-8)?
5
Let m(t) = -2*t**2 - 296*t + 838. What is the remainder when m(-136) is divided by 114?
112
Suppose 2*l - 5*o - 255 = 0, 4*l = -3*o + 327 + 274. Calculate the remainder when 592 is divided by l.
12
Suppose 4*u + 4*b = 312, 2*b = -5*u - 2*b + 392. Let d(o) = -2*o - 122. Let v be d(-30). Let t = u + v. What is the remainder when t is divided by 11?
7
Suppose 0 = v - 14 + 7. Suppose 6*a = 4*k + v*a - 469, 0 = 3*k - a - 357. What is the remainder when k is divided by (20/2)/((-1)/(-3))?
28
Let n(t) = 1800*t - 12333. Calculate the remainder when 3218 is divided by n(7).
14
Suppose 57*o = 62*o - 3875. Suppose 0 = -10*u - o + 2655. Calculate the remainder when u is divided by 63.
62
Suppose 3*n + 39 = 123. Suppose 7*r - 64 = 2*h + 2*r, -5*r = 0. Let t = h + 38. What is the remainder when n is divided by t?
4
Let g(o) = -o**2 - 55*o - 97. What is the remainder when g(-41) is divided by 88?
37
Suppose 16*v - 132 = 76. Suppose 5*o + p = 459, -v*p + 11*p - 356 = -4*o. Let d = 152 - o. Calculate the remainder when d is divided by 8.
5
Let y be (2/((-12)/106))/(7/273). Let i = 898 + y. What is the remainder when i is divided by 43?
37
Let p(c) = c**2 - 20*c - 24. Let r be p(28). Suppose r = 26*z - 18*z. What is the remainder when ((-47)/(-2))/(2/4) is divided by z?
22
Let f be 9/4*56/21. Let l be 1175/(-20)*(-16)/10. Calculate the remainder when 63 is divided by l/f + 3/9.
15
Suppose 40 = 3*y + 7*y. Suppose -y*p = -3*p + 2*m - 6, 4*m = p + 12. What is the remainder when 74 is divided by (-10)/(-4)*(-2 - p)*-4?
14
Let l be (4 - 30/9) + (-246)/18. Calculate the remainder when 17/(7 + l + 7) is divided by 3.
2
Let s = -4182 - -4325. What is the remainder when s is divided by 35?
3
What is the remainder when 644 is divided by (34/17 - -3*1)*(12 + -7)?
19
Suppose a - 4*a = -4*b - 184, 2*a - 3*b - 121 = 0. Calculate the remainder when 3730 is divided by a.
58
Let a(v) = -71*v + 2933. Calculate the remainder when 1338 is divided by a(41).
18
Let y(k) = -k**3 - 10*k**2 - 4*k - 25. Suppose 5*z - 23 + 73 = 0. Calculate the remainder when 235 is divided by y(z).
10
What is the remainder when 232 is divided by 10/(-200)*-518 - 6/(-60)?
24
Suppose 4*z - 2*f + 848 = 9*z, -f = -z + 171. Suppose -z*d + 63 = -163*d. What is the remainder when 14 is divided by d?
5
Let p = -5 + 10. Suppose -69 = -p*t + 1. Suppose 0 = -4*b + 2*i + 24, i = -b - 2 + t. What is the remainder when 45 is divided by b?
5
Suppose -85*w + 8560 = 129*w. Calculate the remainder when w is divided by 16.
8
Suppose -59*g = g - 12*g - 120864. Calculate the remainder when g is divided by 45.
43
Suppose 3*y - 64 = -c + 40, -4*c + 491 = -3*y. Suppose -31 = -2*w + c. Let m = w - 19. Calculate the remainder when m is divided by 15.
11
Let k(r) = -1189*r + 80. Calculate the remainder when k(0) is divided by (-70)/4*8/(-5).
24
What is the remainder when 1294 is divided by ((-96)/(-336))/(2/252)?
34
Let o(s) be the second derivative of 4*s**3 + 9*s**2/2 - 7*s. Calculate the remainder when o(6) is divided by 6 + (-8)/(8/(-8)).
13
Let j be ((-16705)/(-91) - (-3)/7) + 4. Let i = j + -100. What is the remainder when 169 is divided by i?
81
What is the remainder when (-60)/(-9 + 19) - -519 is divided by 253?
7
What is the remainder when 596 is divided by (26 + -46)*2/(12/(-57))?
26
Suppose 305 = 20*t - 196 - 79. Calculate the remainder when 2319 is divided by t.
28
Let s(i) = i**3 - 20*i**2 - 3*i + 65. Let l be s(20). Suppose 6*k - 2*k - 1617 = -5*u, -2*k + l*u + 771 = 0. What is the remainder when k is divided by 67?
63
Let g = 1516 - 160. What is the remainder when g is divided by 7?
5
Let m(w) = -w + 49. Let s(v) = 28*v**2 + 2*v + 1. Let h be s(-1). Calculate the remainder when 61 is divided by m(h).
17
Let t(n) = -n**3 - 10*n**2 + 13*n + 22. L